 {"id":2,"date":"2024-04-26T13:46:46","date_gmt":"2024-04-26T13:46:46","guid":{"rendered":"https:\/\/riko-animation.fr\/?page_id=2"},"modified":"2025-05-23T09:09:00","modified_gmt":"2025-05-23T09:09:00","slug":"accueil","status":"publish","type":"page","link":"https:\/\/riko-animation.fr\/","title":{"rendered":"Accueil"},"content":{"rendered":"\t\t<div data-elementor-type=\"wp-page\" data-elementor-id=\"2\" class=\"elementor elementor-2\">\n\t\t\t\t<div class=\"elementor-element elementor-element-3f0b7a1 e-flex e-con-boxed e-con e-parent\" data-id=\"3f0b7a1\" data-element_type=\"container\" data-e-type=\"container\">\n\t\t\t\t\t<div class=\"e-con-inner\">\n\t\t\t\t<div class=\"elementor-element elementor-element-31112e6 elementor-widget elementor-widget-spacer\" data-id=\"31112e6\" data-element_type=\"widget\" data-e-type=\"widget\" data-widget_type=\"spacer.default\">\n\t\t\t\t<div class=\"elementor-widget-container\">\n\t\t\t\t\t\t\t<div class=\"elementor-spacer\">\n\t\t\t<div class=\"elementor-spacer-inner\"><\/div>\n\t\t<\/div>\n\t\t\t\t\t\t<\/div>\n\t\t\t\t<\/div>\n\t\t\t\t\t<\/div>\n\t\t\t\t<\/div>\n\t\t<div class=\"elementor-element elementor-element-8b2b86d e-flex e-con-boxed e-con e-parent\" data-id=\"8b2b86d\" data-element_type=\"container\" data-e-type=\"container\">\n\t\t\t\t\t<div class=\"e-con-inner\">\n\t\t<div class=\"elementor-element elementor-element-988ccc4 e-con-full e-flex e-con e-child\" data-id=\"988ccc4\" data-element_type=\"container\" data-e-type=\"container\">\n\t\t<div class=\"elementor-element elementor-element-6d183b3 e-flex e-con-boxed e-con e-child\" data-id=\"6d183b3\" data-element_type=\"container\" data-e-type=\"container\">\n\t\t\t\t\t<div class=\"e-con-inner\">\n\t\t<div class=\"elementor-element elementor-element-1c0f9aa e-con-full e-flex e-con e-child\" data-id=\"1c0f9aa\" data-element_type=\"container\" data-e-type=\"container\">\n\t\t\t\t<div class=\"elementor-element elementor-element-90b4082 elementor-widget elementor-widget-heading\" data-id=\"90b4082\" data-element_type=\"widget\" data-e-type=\"widget\" data-widget_type=\"heading.default\">\n\t\t\t\t<div class=\"elementor-widget-container\">\n\t\t\t\t\t<h2 class=\"elementor-heading-title elementor-size-default\">RIKO Animation :<\/h2>\t\t\t\t<\/div>\n\t\t\t\t<\/div>\n\t\t\t\t<div class=\"elementor-element elementor-element-0167870 elementor-widget elementor-widget-spacer\" data-id=\"0167870\" data-element_type=\"widget\" data-e-type=\"widget\" data-widget_type=\"spacer.default\">\n\t\t\t\t<div class=\"elementor-widget-container\">\n\t\t\t\t\t\t\t<div class=\"elementor-spacer\">\n\t\t\t<div class=\"elementor-spacer-inner\"><\/div>\n\t\t<\/div>\n\t\t\t\t\t\t<\/div>\n\t\t\t\t<\/div>\n\t\t\t\t<div class=\"elementor-element elementor-element-e41b6d7 elementor-widget elementor-widget-text-editor\" data-id=\"e41b6d7\" data-element_type=\"widget\" data-e-type=\"widget\" data-widget_type=\"text-editor.default\">\n\t\t\t\t<div class=\"elementor-widget-container\">\n\t\t\t\t\t\t\t\t\t<ul><li><span class=\"\">vous propose ses services pour toutes vos animations musicales. Que se soit pour un anniversaire, un mariage, une f\u00eate de village, une association ou une entreprise nous serons vous ambiancer, vous amuser et surtout vous faire danser jusqu&rsquo;au bout de la nuit.<\/span><\/li><\/ul>\t\t\t\t\t\t\t\t<\/div>\n\t\t\t\t<\/div>\n\t\t\t\t<div class=\"elementor-element elementor-element-c0d82d9 elementor-widget elementor-widget-spacer\" data-id=\"c0d82d9\" data-element_type=\"widget\" data-e-type=\"widget\" data-widget_type=\"spacer.default\">\n\t\t\t\t<div class=\"elementor-widget-container\">\n\t\t\t\t\t\t\t<div class=\"elementor-spacer\">\n\t\t\t<div class=\"elementor-spacer-inner\"><\/div>\n\t\t<\/div>\n\t\t\t\t\t\t<\/div>\n\t\t\t\t<\/div>\n\t\t\t\t<div class=\"elementor-element elementor-element-4c9987f elementor-widget elementor-widget-heading\" data-id=\"4c9987f\" data-element_type=\"widget\" data-e-type=\"widget\" data-widget_type=\"heading.default\">\n\t\t\t\t<div class=\"elementor-widget-container\">\n\t\t\t\t\t<h2 class=\"elementor-heading-title elementor-size-default\">Notre Mission :<\/h2>\t\t\t\t<\/div>\n\t\t\t\t<\/div>\n\t\t\t\t<div class=\"elementor-element elementor-element-ce2ce9b elementor-widget elementor-widget-spacer\" data-id=\"ce2ce9b\" data-element_type=\"widget\" data-e-type=\"widget\" data-widget_type=\"spacer.default\">\n\t\t\t\t<div class=\"elementor-widget-container\">\n\t\t\t\t\t\t\t<div class=\"elementor-spacer\">\n\t\t\t<div class=\"elementor-spacer-inner\"><\/div>\n\t\t<\/div>\n\t\t\t\t\t\t<\/div>\n\t\t\t\t<\/div>\n\t\t\t\t<div class=\"elementor-element elementor-element-ffa0694 elementor-widget elementor-widget-text-editor\" data-id=\"ffa0694\" data-element_type=\"widget\" data-e-type=\"widget\" data-widget_type=\"text-editor.default\">\n\t\t\t\t<div class=\"elementor-widget-container\">\n\t\t\t\t\t\t\t\t\t<ul><li>Chez RIKO ANIMATION, notre mission est de faire de chaque \u00e9v\u00e9nement une f\u00eate personnalis\u00e9e et inoubliable. Nous croyons que la musique est le c\u0153ur de toute c\u00e9l\u00e9bration, et nous nous engageons \u00e0 offrir des performances qui ravissent et rassemblent.<\/li><\/ul>\t\t\t\t\t\t\t\t<\/div>\n\t\t\t\t<\/div>\n\t\t\t\t<\/div>\n\t\t\t\t\t<\/div>\n\t\t\t\t<\/div>\n\t\t\t\t<\/div>\n\t\t<div class=\"elementor-element elementor-element-4138daa e-con-full e-flex e-con e-child\" data-id=\"4138daa\" data-element_type=\"container\" data-e-type=\"container\">\n\t\t\t\t<div class=\"elementor-element elementor-element-c4014b0 elementor-widget elementor-widget-image\" data-id=\"c4014b0\" data-element_type=\"widget\" data-e-type=\"widget\" data-widget_type=\"image.default\">\n\t\t\t\t<div class=\"elementor-widget-container\">\n\t\t\t\t\t\t\t\t\t\t\t\t\t\t\t<img fetchpriority=\"high\" decoding=\"async\" width=\"884\" height=\"543\" src=\"https:\/\/riko-animation.fr\/wp-content\/uploads\/2024\/05\/cropped-9dadc1ade187aa952a38dcfe681998cf21efbfc3-Copie-1.jpg\" class=\"attachment-full size-full wp-image-104\" alt=\"\" srcset=\"https:\/\/riko-animation.fr\/wp-content\/uploads\/2024\/05\/cropped-9dadc1ade187aa952a38dcfe681998cf21efbfc3-Copie-1.jpg 884w, https:\/\/riko-animation.fr\/wp-content\/uploads\/2024\/05\/cropped-9dadc1ade187aa952a38dcfe681998cf21efbfc3-Copie-1-300x184.jpg 300w, https:\/\/riko-animation.fr\/wp-content\/uploads\/2024\/05\/cropped-9dadc1ade187aa952a38dcfe681998cf21efbfc3-Copie-1-768x472.jpg 768w\" sizes=\"(max-width: 884px) 100vw, 884px\" \/>\t\t\t\t\t\t\t\t\t\t\t\t\t\t\t<\/div>\n\t\t\t\t<\/div>\n\t\t\t\t<\/div>\n\t\t\t\t\t<\/div>\n\t\t\t\t<\/div>\n\t\t<div class=\"elementor-element elementor-element-5557f7a4 e-con-full e-flex e-con e-parent\" data-id=\"5557f7a4\" data-element_type=\"container\" data-e-type=\"container\">\n\t\t\t\t<div class=\"elementor-element elementor-element-789869c elementor-widget elementor-widget-spacer\" data-id=\"789869c\" data-element_type=\"widget\" data-e-type=\"widget\" data-widget_type=\"spacer.default\">\n\t\t\t\t<div class=\"elementor-widget-container\">\n\t\t\t\t\t\t\t<div class=\"elementor-spacer\">\n\t\t\t<div class=\"elementor-spacer-inner\"><\/div>\n\t\t<\/div>\n\t\t\t\t\t\t<\/div>\n\t\t\t\t<\/div>\n\t\t\t\t<\/div>\n\t\t<div class=\"elementor-element elementor-element-778758e e-flex e-con-boxed e-con e-parent\" data-id=\"778758e\" data-element_type=\"container\" data-e-type=\"container\">\n\t\t\t\t\t<div class=\"e-con-inner\">\n\t\t\t\t<div class=\"elementor-element elementor-element-9abab59 elementor-widget elementor-widget-heading\" data-id=\"9abab59\" data-element_type=\"widget\" data-e-type=\"widget\" data-widget_type=\"heading.default\">\n\t\t\t\t<div class=\"elementor-widget-container\">\n\t\t\t\t\t<h2 class=\"elementor-heading-title elementor-size-default\">Nos Services :<\/h2>\t\t\t\t<\/div>\n\t\t\t\t<\/div>\n\t\t\t\t<div class=\"elementor-element elementor-element-1cf0048 elementor-widget elementor-widget-spacer\" data-id=\"1cf0048\" data-element_type=\"widget\" data-e-type=\"widget\" data-widget_type=\"spacer.default\">\n\t\t\t\t<div class=\"elementor-widget-container\">\n\t\t\t\t\t\t\t<div class=\"elementor-spacer\">\n\t\t\t<div class=\"elementor-spacer-inner\"><\/div>\n\t\t<\/div>\n\t\t\t\t\t\t<\/div>\n\t\t\t\t<\/div>\n\t\t<div class=\"elementor-element elementor-element-b0081ca e-con-full e-flex e-con e-child\" data-id=\"b0081ca\" data-element_type=\"container\" data-e-type=\"container\">\n\t\t\t\t<div class=\"elementor-element elementor-element-ff7ae88 elementor-widget elementor-widget-text-editor\" data-id=\"ff7ae88\" data-element_type=\"widget\" data-e-type=\"widget\" data-widget_type=\"text-editor.default\">\n\t\t\t\t<div class=\"elementor-widget-container\">\n\t\t\t\t\t\t\t\t\t<ul><li><strong>Mariages :<\/strong> S&rsquo;adapter aux r\u00eaves de chacun-e pour l&rsquo;un des plus beaux jours de votre vie, avec des services, des animations et une s\u00e9lection musicale personnalis\u00e9e.<\/li><li><strong>Anniversaires :<\/strong> Faites de chaque anniversaire une f\u00eate exceptionnelle avec des mix dynamiques et adapt\u00e9s selon vos go\u00fbts.<\/li><li><strong>Soir\u00e9es d&rsquo;entreprise :<\/strong> Donnez du rythme \u00e0 vos \u00e9v\u00e9nements professionnels avec des playlists sur mesure qui stimulent la convivialit\u00e9 et l&rsquo;esprit d&rsquo;\u00e9quipe.<\/li><li><strong>\u00c9v\u00e9nements publics et associatifs :<\/strong> Cr\u00e9er une ambiance de f\u00eate, chaleureuse pour toutes les g\u00e9n\u00e9rations.<\/li><\/ul>\t\t\t\t\t\t\t\t<\/div>\n\t\t\t\t<\/div>\n\t\t\t\t<\/div>\n\t\t\t\t\t<\/div>\n\t\t\t\t<\/div>\n\t\t<div class=\"elementor-element elementor-element-10ab364 e-flex e-con-boxed e-con e-parent\" data-id=\"10ab364\" data-element_type=\"container\" data-e-type=\"container\">\n\t\t\t\t\t<div class=\"e-con-inner\">\n\t\t\t\t\t<\/div>\n\t\t\t\t<\/div>\n\t\t<div class=\"elementor-element elementor-element-de3cd78 e-grid e-con-boxed e-con e-parent\" data-id=\"de3cd78\" data-element_type=\"container\" data-e-type=\"container\">\n\t\t\t\t\t<div class=\"e-con-inner\">\n\t\t\t\t\t<\/div>\n\t\t\t\t<\/div>\n\t\t\t\t<\/div>\n\t\t","protected":false},"excerpt":{"rendered":"<p>RIKO Animation : vous propose ses services pour toutes vos animations musicales. Que se soit pour un anniversaire, un mariage, une f\u00eate de village, une association ou une entreprise nous serons vous ambiancer, vous amuser et surtout vous faire danser jusqu&rsquo;au bout de la nuit. Notre Mission : Chez RIKO ANIMATION, notre mission est de [&hellip;]<\/p>\n","protected":false},"author":1,"featured_media":0,"parent":0,"menu_order":0,"comment_status":"closed","ping_status":"closed","template":"","meta":{"footnotes":""},"class_list":["post-2","page","type-page","status-publish","hentry"],"_links":{"self":[{"href":"https:\/\/riko-animation.fr\/index.php\/wp-json\/wp\/v2\/pages\/2","targetHints":{"allow":["GET"]}}],"collection":[{"href":"https:\/\/riko-animation.fr\/index.php\/wp-json\/wp\/v2\/pages"}],"about":[{"href":"https:\/\/riko-animation.fr\/index.php\/wp-json\/wp\/v2\/types\/page"}],"author":[{"embeddable":true,"href":"https:\/\/riko-animation.fr\/index.php\/wp-json\/wp\/v2\/users\/1"}],"replies":[{"embeddable":true,"href":"https:\/\/riko-animation.fr\/index.php\/wp-json\/wp\/v2\/comments?post=2"}],"version-history":[{"count":77,"href":"https:\/\/riko-animation.fr\/index.php\/wp-json\/wp\/v2\/pages\/2\/revisions"}],"predecessor-version":[{"id":555,"href":"https:\/\/riko-animation.fr\/index.php\/wp-json\/wp\/v2\/pages\/2\/revisions\/555"}],"wp:attachment":[{"href":"https:\/\/riko-animation.fr\/index.php\/wp-json\/wp\/v2\/media?parent=2"}],"curies":[{"name":"wp","href":"https:\/\/api.w.org\/{rel}","templated":true}]}}